(-221).
55
Let k(p) = -8435*p - 18801613. Give k(-2229).
2
Let u(t) = -7*t**3 - 111*t**2 + 12*t - 53. Calculate u(-16).
11
Let d(z) = 2350*z + 208821. What is d(-89)?
-329
Let g(l) = 907*l**2 - 6351*l + 11. What is g(7)?
-3
Let g(a) = -189*a**2 + 332*a + 113. What is g(2)?
21
Let i(c) = -609*c - 205506. Give i(-337).
-273
Let i(a) = -16*a**2 + 510*a + 77. What is i(31)?
511
Let y(c) = c**3 - 41*c**2 + 399*c + 201. Give y(21).
-240
Let b(r) = -2*r**2 + 103664*r - 414625. Determine b(4).
-1
Let r(q) = 13954*q - 251163. Determine r(18).
9
Let k(n) = -n**3 + 178*n**2 - 7762*n + 3810. Determine k(103).
-1
Let r(i) = 384488*i + 36910846. Determine r(-96).
-2
Let l(t) = -t**3 - 83*t**2 - 728*t + 32. Give l(-10).
12
Let j(y) = -668*y**2 + 4577*y + 12. Give j(7).
-681
Let t(b) = 2*b**2 + 73*b - 654. Give t(-37).
-617
Let x(j) = 128300*j - 898080. Calculate x(7).
20
Let y(o) = o**2 + 172*o - 2255. Calculate y(19).
1374
Let n(f) = -375*f - 4564. Give n(-8).
-1564
Let z(f) = 2*f**2 - 436*f + 4244. Determine z(206).
-700
Let v(m) = 2*m**2 + 709*m - 45046. Determine v(-410).
464
Let j(n) = -n**2 + 3145*n - 56299. Give j(18).
-13
Let k(s) = s**3 - 230*s**2 - 692*s - 1629. Give k(233).
2
Let v(o) = o**3 + 10*o**2 + o + 127. Calculate v(-11).
-5
Let d(i) = -310*i - 31936. What is d(-103)?
-6
Let z(u) = -3143*u - 540548. What is z(-172)?
48
Let i(a) = -2*a**3 - 2603*a**2 + 47506*a - 76. Calculate i(18).
-4
Let r(j) = -2*j**3 - 44*j**2 + 134*j + 128. Give r(-25).
528
Let y(b) = -7*b**2 + 198*b + 498. Determine y(31).
-91
Let s(b) = -b**3 - 200*b**2 - 1440*b - 1689. Calculate s(-6).
-33
Let n(f) = -3816*f - 117650. Determine n(-31).
646
Let v(q) = -13894*q - 2570379. Calculate v(-185).
11
Let q(x) = x**3 - 25*x**2 - 505*x + 249. What is q(38)?
-169
Let d(s) = -5888*s - 1307152. Determine d(-222).
-16
Let i(f) = 10019*f + 1031953. Give i(-103).
-4
Let v(c) = -71*c - 1381. What is v(-22)?
181
Let h(c) = -c**3 + 512*c**2 + 8449*c - 520. Give h(528).
8
Let o(l) = 459*l - 930. Give o(1).
-471
Let m(s) = 15*s**2 + 321*s + 168. What is m(-22)?
366
Let o(r) = 8*r**2 + 246*r + 1681. Determine o(-10).
21
Let a(b) = 549*b - 24558. Give a(45).
147
Let n(r) = -3*r**3 - 140*r**2 - 1443*r - 247. What is n(-16)?
-711
Let j(y) = -136904*y - 1916660. Calculate j(-14).
-4
Let o(l) = -l**3 - 93*l**2 + 1723*l - 2134. Determine o(-109).
155
Let n(f) = -2*f**3 - 107*f**2 + 12*f + 336. Give n(-54).
2604
Let u(k) = -k**3 + 218*k**2 - 152*k + 32927. Calculate u(218).
-209
Let b(w) = -80*w**3 - 52*w**2 + 38*w + 6. Calculate b(-1).
-4
Let r(w) = -5*w**2 + 1559*w + 12396. Determine r(-8).
-396
Let a(h) = -3*h**2 - 446*h - 10568. What is a(-128)?
-2632
Let i(z) = -3054*z**2 + 3*z + 681. What is i(0)?
681
Let u(q) = q**3 - 210*q**2 - 3853*q - 1372. Calculate u(227).
-10
Let g(r) = -r**3 + 24*r**2 - 316*r + 2286. What is g(11)?
383
Let z(r) = -r**3 - 127*r**2 + 53784*r - 7319. Determine z(-304).
-23
Let u(k) = 611*k - 6595. Calculate u(11).
126
Let w(f) = 337*f - 10756. Calculate w(32).
28
Let a(i) = i**3 - 282*i**2 + 2432*i - 6. What is a(9)?
-231
Let w(t) = 749*t**2 + 321*t - 311. What is w(1)?
759
Let k(i) = -1900*i - 2082468. Determine k(-1096).
-68
Let y(i) = -7*i**2 - 73*i - 19. Calculate y(-9).
71
Let o(i) = -i**2 - 405*i - 17996. Determine o(-51).
58
Let d(t) = t**3 - 9*t**2 - 115*t + 30. Determine d(18).
876
Let u(h) = 192*h + 44603. Calculate u(-232).
59
Let w(k) = k**3 - 155*k**2 + 4914*k + 10900. What is w(109)?
0
Let u(x) = -36703*x - 256943. Determine u(-7).
-22
Let t(h) = 11*h**2 + 669*h + 766. Determine t(-63).
2278
Let n(t) = 4382*t + 12975. What is n(-3)?
-171
Let n(z) = -873*z - 150153. Determine n(-172).
3
Let x(u) = 2*u**3 + 37*u**2 - 115*u + 2122. What is x(-23)?
6
Let l(i) = -27480*i + 10359971. Determine l(377).
11
Let o(f) = -11*f**3 + 21*f**2 - 347*f - 367. Calculate o(-1).
12
Let z(i) = i**2 - 483*i - 7478. Calculate z(-15).
-8
Let g(s) = -s**3 + 26*s**2 - 221*s + 4884. Determine g(25).
-16
Let t(u) = -29456*u - 58975. Calculate t(-2).
-63
Let p(j) = 6318*j + 1655304. Give p(-262).
-12
Let x(k) = k**2 - 12*k + 96. Determine x(-31).
1429
Let k(l) = 7*l**3 + 979*l**2 - 132*l + 1115. Determine k(-140).
-5
Let y(c) = -962*c**2 + 405*c - 7. Give y(0).
-7
Let p(y) = 1794*y - 16458. Give p(9).
-312
Let g(c) = c**2 - 11078*c - 422466. Calculate g(-38).
-58
Let o(b) = 5*b**3 - 358*b**2 - 92*b - 7. Determine o(0).
-7
Let f(p) = 3*p**2 - 985*p + 23921. Determine f(26).
339
Let v(n) = -179*n**2 - 199*n + 192. Calculate v(1).
-186
Let z(h) = h**3 - 99*h**2 + 2734*h - 80092. Calculate z(77).
-12
Let d(s) = -4953*s + 94231. Calculate d(19).
124
Let j(b) = b**3 - 823*b**2 - 25597*b + 5996. Give j(853).
25
Let t(q) = -8886*q + 195446. What is t(22)?
-46
Let q(v) = -2*v**3 + 26*v**2 - 6791*v + 81184. Give q(12).
-20
Let a(k) = k**3 - 6*k**2 - 18*k - 29. Give a(7).
-106
Let h(t) = -2702*t + 23458. Give h(9).
-860
Let d(a) = 89*a + 2856. What is d(-32)?
8
Let r(j) = 305*j**3 - 3356*j**2 + 2*j + 96. Determine r(11).
-3
Let j(r) = 883*r + 3722. Give j(-4).
190
Let q(j) = 14*j**3 + 39*j**2 - 182*j - 6. Determine q(3).
177
Let z(h) = h**3 - 8117*h**2 + 8*h - 1. Give z(0).
-1
Let b(m) = 29413*m + 499999. Give b(-17).
-22
Let z(p) = 11*p**2 + 94*p + 863. Calculate z(-11).
1160
Let x(a) = a**2 - 738*a + 7303. Calculate x(10).
23
Let o(y) = y**3 + 213*y**2 - 443*y - 48998. Calculate o(-214).
8
Let a(o) = 7*o**2 - 67986*o + 814829. Give a(12).
5
Let g(r) = 2242*r - 76707. Give g(34).
-479
Let q(u) = 3244*u - 512473. Calculate q(158).
79
Let r(t) = -295*t**3 - t**2 - 68*t - 67. Calculate r(-1).
295
Let m(q) = 4*q**3 + 5*q**2 - 23*q + 37. What is m(-8)?
-1507
Let n(u) = u**2 + 932*u - 14314. Calculate n(15).
-109
Let n(h) = 119180*h + 357538. Give n(-3).
-2
Let z(d) = 2*d**3 + 14*d**2 - 758*d - 7181. What is z(-17)?
-75
Let q(d) = -22474*d**2 + 157323*d - 3. Determine q(7).
32
Let r(w) = w**2 + 18726*w + 318058. Determine r(-17).
5
Let v(c) = c**3 + 7*c**2 + 43*c + 61. Give v(0).
61
Let s(r) = 1158113*r + 8106798. Give s(-7).
7
Let c(o) = o**3 + 60*o**2 - 1506*o - 385. Determine c(-79).
10
Let k(f) = -f**3 - 79*f**2 + 122*f + 3259. Calculate k(-80).
-101
Let z(c) = 12*c**2 - 699*c + 5490. Calculate z(9).
171
Let a(y) = 507*y + 96916. Calculate a(-191).
79
Let l(y) = 974*y + 8664. Calculate l(-9).
-102
Let s(k) = -240*k + 10767. Calculate s(55).
-2433
Let w(h) = 7*h**2 - 286*h - 1696. Determine w(46).
-40
Let q(k) = -k**3 - 37*k**2 + 93*k + 2499. Determine q(-37).
-942
Let u(b) = -b**2 + 369*b - 13117. What is u(40)?
43
Let x(r) = 6*r**3 + 9*r**2 - 111*r - 119. What is x(-1)?
-5
Let v(n) = -58828*n - 117654. Determine v(-2).
2
Let d(g) = -7*g**2 - 273*g + 1539. Calculate d(-44).
-1
Let w(k) = 1267128*k + 127979926. Give w(-101).
-2
Let v(h) = 656*h - 24529. Calculate v(37).
-257
Let h(w) = -8494*w + 25387. Determine h(3).
-95
Let y(z) = 82*z + 864. Determine y(-2).
700
Let u(o) = 7*o**2 - 340*o + 136. Calculate u(50).
636
Let m(p) = 3*p**3 - 14*p**2 - 1259*p - 137. Calculate m(23).
1
Let a(k) = -31754*k + 63244. Give a(2).
-264
Let b(j) = j**3 - j**2 - 2067*j - 55. Determine b(46).
83
Let q(u) = u**2 - 169*u + 1937. Calculate q(14).
-233
Let d(r) = -r**2 + 109*r - 1116. Give d(13).
132
Let o(s) = 26113*s + 417795. Calculate o(-16).
-13
Let u(r) = -2*r**3 - 320*r**2 - 3*r + 65. What is u(0)?
65
Let k(p) = -5*p**3 - 35*p**2 - 174*p - 2009. What is k(-11)?
2325
Let j(l) = 6*l**2 - 1590*l + 1974. Calculate j(264).
390
Let i(o) = o**3 - 34*o**2 + 125*o - 1751. Give i(32).
201
Let y(q) = 8*q**3 - 417*q**2 + 77*q - 1090. What is y(52)?
210
Let p(g) = 7*g**2 + 195*g - 610. Calculate p(3).
38
Let c(z) = -117*z + 3273. Determine c(35).
-822
Let t(y) = -461*y + 2376. What is t(12)?
-3156
Let z(r) = 35*r - 2193. What is z(13)?
-1738
Let s(b) = -10*b**2 - 634*b - 6912. Determine s(-14).
4
Let q(f) = -998*f - 5276. Calculate q(-6).
712
Let d(x) = -594*x - 3919. What is d(-6)?
-355
Let x(f) = f**2 + 13*f - 43. Calculate x(4).
25
Let z(d) = -2*d**2 - 46892*d + 469113. Give z(10).
-7
Let j(a) = -a**2 + 16865*a - 101202. Give j(6).
-48
Let u(j) = -17*j**2 - 4124*j + 27151. What is u(-249)?
10
Let z(o) = 737*o - 21347. Give z(28).
-711
Let o(g) = g**3 + 983*g**2 + 744*g - 233710. Give o(-982).
6
Let d(l) = l**3 -